{"id":78,"date":"2015-03-14T11:17:33","date_gmt":"2015-03-14T10:17:33","guid":{"rendered":"http:\/\/www.svjdreyerova.cz\/?page_id=78"},"modified":"2018-04-26T12:45:45","modified_gmt":"2018-04-26T11:45:45","slug":"o-nas","status":"publish","type":"page","link":"https:\/\/www.svjdreyerova.cz\/?page_id=78","title":{"rendered":"O n\u00e1s"},"content":{"rendered":"<p>V\u00edt\u00e1me V\u00e1s na str\u00e1nk\u00e1ch <strong>Spole\u010denstv\u00ed vlastn\u00edk\u016f jednotek Dreyerova 595-598<\/strong>, kter\u00e9 s\u00eddl\u00ed v\u00a0Praze 5 v Dreyerov\u011b ulici. <strong><br \/>\n<\/strong><\/p>\n<p><span class=\"small\">I\u010cO: 27449807<\/span><\/p>\n<p>Datov\u00e1 schr\u00e1nka: dv2jkqg<\/p>\n<p>Spole\u010denstv\u00ed vzniklo ke dni 10.3.2004 a zaregistrov\u00e1no bylo dne 4. 5. 2006. Spole\u010denstv\u00ed obhospoda\u0159uje 74 bytov\u00fdch jednotek ve \u010dty\u0159ech vchodech &#8211; Dreyerova 595 &#8211; 598.<\/p>\n<p>Na z\u00e1klad\u011b rozhodnut\u00edm shrom\u00e1\u017ed\u011bn\u00ed vlastn\u00edk\u016f, kter\u00e9 se konalo v \u00fater\u00fd 7. 6. 2016 zaji\u0161\u0165uje \u010dinnost spole\u010denstv\u00ed nov\u00fd V\u00fdbor SVJ (t\u0159i \u010dlenov\u00e9\u00a0zaps\u00e1ni v\u00a0OR a dva techni\u010dt\u00ed pracovn\u00edci se v\u0161emi pr\u00e1vy a povinnostmi \u010dlena v\u00fdboru.) &#8211; viz. sekce <a href=\"https:\/\/www.svjdreyerova.cz\/?page_id=10\">kontakty<\/a>.<\/p>\n<p>\u010cinnost V\u00fdboru SVJ\u00a0 sleduje\u00a0kontroln\u00ed komise.<\/p>\n<p>V\u00fdpis z rejst\u0159\u00edku spole\u010denstv\u00ed vlastn\u00edk\u016f jednotek, veden\u00e9ho M\u011bstsk\u00fdm soudem v Praze odd\u00edl S, vlo\u017eka 6647 je k dispozici zde: <a href=\"https:\/\/www.svjdreyerova.cz\/wp-content\/uploads\/2015\/03\/vypis-317372.pdf\">vypis-317372<\/a><\/p>\n","protected":false},"excerpt":{"rendered":"<p>V\u00edt\u00e1me V\u00e1s na str\u00e1nk\u00e1ch Spole\u010denstv\u00ed vlastn\u00edk\u016f jednotek Dreyerova 595-598, kter\u00e9 s\u00eddl\u00ed v\u00a0Praze 5 v Dreyerov\u011b ulici. I\u010cO: 27449807 Datov\u00e1 schr\u00e1nka: dv2jkqg Spole\u010denstv\u00ed vzniklo ke dni 10.3.2004 a zaregistrov\u00e1no bylo dne 4. 5. 2006. Spole\u010denstv\u00ed obhospoda\u0159uje 74 bytov\u00fdch jednotek ve \u010dty\u0159ech &hellip; <a href=\"https:\/\/www.svjdreyerova.cz\/?page_id=78\">Cel\u00fd p\u0159\u00edsp\u011bvek <span class=\"meta-nav\">&rarr;<\/span><\/a><\/p>\n","protected":false},"author":1,"featured_media":0,"parent":0,"menu_order":1,"comment_status":"closed","ping_status":"closed","template":"","meta":{"footnotes":""},"class_list":["post-78","page","type-page","status-publish","hentry"],"_links":{"self":[{"href":"https:\/\/www.svjdreyerova.cz\/index.php?rest_route=\/wp\/v2\/pages\/78","targetHints":{"allow":["GET"]}}],"collection":[{"href":"https:\/\/www.svjdreyerova.cz\/index.php?rest_route=\/wp\/v2\/pages"}],"about":[{"href":"https:\/\/www.svjdreyerova.cz\/index.php?rest_route=\/wp\/v2\/types\/page"}],"author":[{"embeddable":true,"href":"https:\/\/www.svjdreyerova.cz\/index.php?rest_route=\/wp\/v2\/users\/1"}],"replies":[{"embeddable":true,"href":"https:\/\/www.svjdreyerova.cz\/index.php?rest_route=%2Fwp%2Fv2%2Fcomments&post=78"}],"version-history":[{"count":8,"href":"https:\/\/www.svjdreyerova.cz\/index.php?rest_route=\/wp\/v2\/pages\/78\/revisions"}],"predecessor-version":[{"id":223,"href":"https:\/\/www.svjdreyerova.cz\/index.php?rest_route=\/wp\/v2\/pages\/78\/revisions\/223"}],"wp:attachment":[{"href":"https:\/\/www.svjdreyerova.cz\/index.php?rest_route=%2Fwp%2Fv2%2Fmedia&parent=78"}],"curies":[{"name":"wp","href":"https:\/\/api.w.org\/{rel}","templated":true}]}}